{"id":28,"date":"2024-03-28T10:50:52","date_gmt":"2024-03-28T09:50:52","guid":{"rendered":"https:\/\/lepalaisdupalet.com\/?page_id=28"},"modified":"2024-05-07T16:51:56","modified_gmt":"2024-05-07T14:51:56","slug":"jeux-dadresse","status":"publish","type":"page","link":"https:\/\/lepalaisdupalet.com\/index.php\/jeux-dadresse\/","title":{"rendered":"Jeux d&#8217;adresse"},"content":{"rendered":"\n<div class=\"wp-block-cover alignfull is-light\" style=\"min-height:51px;aspect-ratio:unset;\"><span aria-hidden=\"true\" class=\"wp-block-cover__background has-nv-site-bg-background-color has-background-dim-100 has-background-dim\"><\/span><div class=\"wp-block-cover__inner-container is-layout-flow wp-block-cover-is-layout-flow\">\n<p class=\"has-text-align-center\" style=\"font-size:30px\"><strong>Pr\u00e9sentation des jeux<\/strong><\/p>\n<\/div><\/div>\n\n\n\n<div class=\"wp-block-cover alignfull is-light\" style=\"min-height:50px;aspect-ratio:unset;\"><span aria-hidden=\"true\" class=\"wp-block-cover__background has-nv-site-bg-background-color has-background-dim-100 has-background-dim\"><\/span><div class=\"wp-block-cover__inner-container is-layout-flow wp-block-cover-is-layout-flow\">\n<div class=\"wp-block-group\"><div class=\"wp-block-group__inner-container is-layout-flow wp-block-group-is-layout-flow\">\n<div style=\"height:0px\" aria-hidden=\"true\" class=\"wp-block-spacer\"><\/div>\n\n\n\n<div class=\"wp-block-columns are-vertically-aligned-center is-layout-flex wp-container-core-columns-is-layout-9d6595d7 wp-block-columns-is-layout-flex\">\n<div class=\"wp-block-column is-vertically-aligned-center is-layout-flow wp-block-column-is-layout-flow\" style=\"flex-basis:50%\"><div class=\"wp-block-image\">\n<figure class=\"aligncenter size-full\"><img loading=\"lazy\" decoding=\"async\" width=\"335\" height=\"771\" src=\"http:\/\/lepalaisdupalet.com\/wp-content\/uploads\/2024\/04\/Le_Paletanque-1.jpg\" alt=\"\" class=\"wp-image-341\" srcset=\"https:\/\/lepalaisdupalet.com\/wp-content\/uploads\/2024\/04\/Le_Paletanque-1.jpg 335w, https:\/\/lepalaisdupalet.com\/wp-content\/uploads\/2024\/04\/Le_Paletanque-1-130x300.jpg 130w\" sizes=\"auto, (max-width: 335px) 100vw, 335px\" \/><\/figure>\n<\/div>\n\n\n<div style=\"height:24px\" aria-hidden=\"true\" class=\"wp-block-spacer\"><\/div>\n\n\n\n<h1 class=\"wp-block-heading has-text-align-center has-neve-text-color-color has-text-color\">Le Pal\u00e9tanque<\/h1>\n\n\n\n<p class=\"has-text-align-center has-neve-text-color-color has-text-color\">Le but du jeu est, comme \u00e0 la P\u00e9tanque, de se rapprocher le plus possible du Pal\u00e9ton qui fait office de cochonnet &#8230;<\/p>\n\n\n\n<div class=\"wp-block-buttons is-content-justification-center is-layout-flex wp-container-core-buttons-is-layout-16018d1d wp-block-buttons-is-layout-flex\">\n<div class=\"wp-block-button is-style-primary\"><a class=\"wp-block-button__link wp-element-button\" href=\"http:\/\/lepalaisdupalet.com\/wp-content\/uploads\/2024\/05\/pale_1.pdf\" target=\"_blank\" rel=\"noreferrer noopener nofollow\">LA R\u00c8GLE DU JEU<\/a><\/div>\n<\/div>\n\n\n\n<div style=\"height:1px\" aria-hidden=\"true\" class=\"wp-block-spacer\"><\/div>\n\n\n\n<p class=\"has-text-align-center\" style=\"font-size:10px\">T\u00e9l\u00e9chargement du fichier PDF<\/p>\n<\/div>\n\n\n\n<div class=\"wp-block-column is-vertically-aligned-center is-layout-flow wp-block-column-is-layout-flow\" style=\"flex-basis:50%\"><div class=\"wp-block-image\">\n<figure class=\"aligncenter size-full\"><img loading=\"lazy\" decoding=\"async\" width=\"335\" height=\"771\" src=\"http:\/\/lepalaisdupalet.com\/wp-content\/uploads\/2024\/04\/Le_Palea-1.jpg\" alt=\"\" class=\"wp-image-342\" srcset=\"https:\/\/lepalaisdupalet.com\/wp-content\/uploads\/2024\/04\/Le_Palea-1.jpg 335w, https:\/\/lepalaisdupalet.com\/wp-content\/uploads\/2024\/04\/Le_Palea-1-130x300.jpg 130w\" sizes=\"auto, (max-width: 335px) 100vw, 335px\" \/><\/figure>\n<\/div>\n\n\n<div style=\"height:24px\" aria-hidden=\"true\" class=\"wp-block-spacer\"><\/div>\n\n\n\n<h1 class=\"wp-block-heading has-text-align-center has-neve-text-color-color has-text-color\">Le Pal\u00e9a<\/h1>\n\n\n\n<p class=\"has-text-align-center has-neve-text-color-color has-text-color\">Le but du jeu est de faire glisser les palais pour qu&#8217;ils se posent sur une cible dont vous marquerez les points indiqu\u00e9s &#8230;<\/p>\n\n\n\n<div class=\"wp-block-buttons is-content-justification-center is-layout-flex wp-container-core-buttons-is-layout-16018d1d wp-block-buttons-is-layout-flex\">\n<div class=\"wp-block-button is-style-primary\"><a class=\"wp-block-button__link wp-element-button\" href=\"http:\/\/lepalaisdupalet.com\/wp-content\/uploads\/2024\/05\/pale_2.pdf\" target=\"_blank\" rel=\"noreferrer noopener nofollow\">LA R\u00c8GLE DU JEU <\/a><\/div>\n<\/div>\n\n\n\n<div style=\"height:0px\" aria-hidden=\"true\" class=\"wp-block-spacer\"><\/div>\n\n\n\n<p class=\"has-text-align-center\" style=\"font-size:10px\">T\u00e9l\u00e9chargement du fichier PDF<\/p>\n<\/div>\n<\/div>\n\n\n\n<div style=\"height:40px\" aria-hidden=\"true\" class=\"wp-block-spacer\"><\/div>\n<\/div><\/div>\n<\/div><\/div>\n\n\n\n<div class=\"wp-block-cover alignfull is-light\" style=\"min-height:50px;aspect-ratio:unset;\"><span aria-hidden=\"true\" class=\"wp-block-cover__background has-nv-site-bg-background-color has-background-dim-100 has-background-dim\"><\/span><div class=\"wp-block-cover__inner-container is-layout-flow wp-block-cover-is-layout-flow\">\n<div class=\"wp-block-group\"><div class=\"wp-block-group__inner-container is-layout-flow wp-block-group-is-layout-flow\">\n<div class=\"wp-block-columns are-vertically-aligned-center is-layout-flex wp-container-core-columns-is-layout-9d6595d7 wp-block-columns-is-layout-flex\">\n<div class=\"wp-block-column is-vertically-aligned-center is-layout-flow wp-block-column-is-layout-flow\" style=\"flex-basis:50%\"><div class=\"wp-block-image\">\n<figure class=\"aligncenter size-full\"><img loading=\"lazy\" decoding=\"async\" width=\"335\" height=\"771\" src=\"http:\/\/lepalaisdupalet.com\/wp-content\/uploads\/2024\/04\/Le_Palecone-1.jpg\" alt=\"\" class=\"wp-image-344\" srcset=\"https:\/\/lepalaisdupalet.com\/wp-content\/uploads\/2024\/04\/Le_Palecone-1.jpg 335w, https:\/\/lepalaisdupalet.com\/wp-content\/uploads\/2024\/04\/Le_Palecone-1-130x300.jpg 130w\" sizes=\"auto, (max-width: 335px) 100vw, 335px\" \/><\/figure>\n<\/div>\n\n\n<div style=\"height:24px\" aria-hidden=\"true\" class=\"wp-block-spacer\"><\/div>\n\n\n\n<h1 class=\"wp-block-heading has-text-align-center has-nv-dark-bg-color has-text-color\">Le Pal\u00e9c\u00f4ne<\/h1>\n\n\n\n<p class=\"has-text-align-center has-nv-dark-bg-color has-text-color\">Le but du jeu est de r\u00e9aliser une s\u00e9rie de chiffres \u00e0 suivre la plus longue possible apr\u00e8s avoir lanc\u00e9 les 12 palets &#8230;<\/p>\n\n\n\n<div class=\"wp-block-buttons is-content-justification-center is-layout-flex wp-container-core-buttons-is-layout-16018d1d wp-block-buttons-is-layout-flex\">\n<div class=\"wp-block-button is-style-primary\"><a class=\"wp-block-button__link wp-element-button\" href=\"http:\/\/lepalaisdupalet.com\/wp-content\/uploads\/2024\/05\/pale_3.pdf\" target=\"_blank\" rel=\"noreferrer noopener nofollow\">LA R\u00c8GLE DU JEU<\/a><\/div>\n<\/div>\n\n\n\n<div style=\"height:0px\" aria-hidden=\"true\" class=\"wp-block-spacer\"><\/div>\n\n\n\n<p class=\"has-text-align-center\" style=\"font-size:10px\">T\u00e9l\u00e9chargement du fichier PDF<\/p>\n<\/div>\n\n\n\n<div class=\"wp-block-column is-vertically-aligned-center is-layout-flow wp-block-column-is-layout-flow\" style=\"flex-basis:50%\"><div class=\"wp-block-image\">\n<figure class=\"aligncenter size-full\"><img loading=\"lazy\" decoding=\"async\" width=\"335\" height=\"771\" src=\"http:\/\/lepalaisdupalet.com\/wp-content\/uploads\/2024\/04\/Le_Paledes-1.jpg\" alt=\"\" class=\"wp-image-345\" srcset=\"https:\/\/lepalaisdupalet.com\/wp-content\/uploads\/2024\/04\/Le_Paledes-1.jpg 335w, https:\/\/lepalaisdupalet.com\/wp-content\/uploads\/2024\/04\/Le_Paledes-1-130x300.jpg 130w\" sizes=\"auto, (max-width: 335px) 100vw, 335px\" \/><\/figure>\n<\/div>\n\n\n<div style=\"height:24px\" aria-hidden=\"true\" class=\"wp-block-spacer\"><\/div>\n\n\n\n<h1 class=\"wp-block-heading has-text-align-center has-nv-dark-bg-color has-text-color\">Le Pal\u00e9d\u00e9s<\/h1>\n\n\n\n<p class=\"has-text-align-center has-nv-dark-bg-color has-text-color\">Le but du jeu est de faire glisser ses palets sur les num\u00e9ros occasionn\u00e9s par le lancer des 5 d\u00e9s &#8230;<\/p>\n\n\n\n<div class=\"wp-block-buttons is-content-justification-center is-layout-flex wp-container-core-buttons-is-layout-16018d1d wp-block-buttons-is-layout-flex\">\n<div class=\"wp-block-button is-style-primary\"><a class=\"wp-block-button__link wp-element-button\" href=\"http:\/\/lepalaisdupalet.com\/wp-content\/uploads\/2024\/05\/pale_4.pdf\" target=\"_blank\" rel=\"noreferrer noopener nofollow\">LA R\u00c8GLE DU JEU<\/a><\/div>\n<\/div>\n\n\n\n<div style=\"height:0px\" aria-hidden=\"true\" class=\"wp-block-spacer\"><\/div>\n\n\n\n<p class=\"has-text-align-center\" style=\"font-size:10px\">T\u00e9l\u00e9chargement du fichier PDF<\/p>\n<\/div>\n<\/div>\n\n\n\n<div style=\"height:0px\" aria-hidden=\"true\" class=\"wp-block-spacer\"><\/div>\n<\/div><\/div>\n<\/div><\/div>\n\n\n\n<div class=\"wp-block-cover alignfull is-light\" style=\"min-height:50px;aspect-ratio:unset;\"><span aria-hidden=\"true\" class=\"wp-block-cover__background has-nv-site-bg-background-color has-background-dim-100 has-background-dim\"><\/span><div class=\"wp-block-cover__inner-container is-layout-flow wp-block-cover-is-layout-flow\">\n<div class=\"wp-block-group\"><div class=\"wp-block-group__inner-container is-layout-flow wp-block-group-is-layout-flow\">\n<div class=\"wp-block-columns are-vertically-aligned-center is-layout-flex wp-container-core-columns-is-layout-9d6595d7 wp-block-columns-is-layout-flex\">\n<div class=\"wp-block-column is-vertically-aligned-center is-layout-flow wp-block-column-is-layout-flow\" style=\"flex-basis:50%\"><div class=\"wp-block-image\">\n<figure class=\"aligncenter size-full\"><img loading=\"lazy\" decoding=\"async\" width=\"335\" height=\"771\" src=\"http:\/\/lepalaisdupalet.com\/wp-content\/uploads\/2024\/04\/Le_Paledrome-1.jpg\" alt=\"\" class=\"wp-image-346\" srcset=\"https:\/\/lepalaisdupalet.com\/wp-content\/uploads\/2024\/04\/Le_Paledrome-1.jpg 335w, https:\/\/lepalaisdupalet.com\/wp-content\/uploads\/2024\/04\/Le_Paledrome-1-130x300.jpg 130w\" sizes=\"auto, (max-width: 335px) 100vw, 335px\" \/><\/figure>\n<\/div>\n\n\n<div style=\"height:24px\" aria-hidden=\"true\" class=\"wp-block-spacer\"><\/div>\n\n\n\n<h1 class=\"wp-block-heading has-text-align-center has-neve-text-color-color has-text-color\">Le Pal\u00e9drome<\/h1>\n\n\n\n<p class=\"has-text-align-center has-neve-text-color-color has-text-color\">Le but du jeux est de r\u00e9aliser une s\u00e9rie de cibles&nbsp;qui se suivent&nbsp;dans le cercle rouge &#8230;<\/p>\n\n\n\n<div class=\"wp-block-buttons is-content-justification-center is-layout-flex wp-container-core-buttons-is-layout-16018d1d wp-block-buttons-is-layout-flex\">\n<div class=\"wp-block-button is-style-primary\"><a class=\"wp-block-button__link wp-element-button\" href=\"http:\/\/lepalaisdupalet.com\/wp-content\/uploads\/2024\/05\/pale_5.pdf\" target=\"_blank\" rel=\"noreferrer noopener nofollow\">LA R\u00c8GLE DU JEU<\/a><\/div>\n<\/div>\n\n\n\n<div style=\"height:0px\" aria-hidden=\"true\" class=\"wp-block-spacer\"><\/div>\n\n\n\n<p class=\"has-text-align-center\" style=\"font-size:10px\">T\u00e9l\u00e9chargement du fichier PDF<\/p>\n<\/div>\n\n\n\n<div class=\"wp-block-column is-vertically-aligned-center is-layout-flow wp-block-column-is-layout-flow\" style=\"flex-basis:50%\"><div class=\"wp-block-image\">\n<figure class=\"aligncenter size-full\"><img loading=\"lazy\" decoding=\"async\" width=\"335\" height=\"771\" src=\"http:\/\/lepalaisdupalet.com\/wp-content\/uploads\/2024\/04\/Le_Palepilpoil-1.jpg\" alt=\"\" class=\"wp-image-347\" srcset=\"https:\/\/lepalaisdupalet.com\/wp-content\/uploads\/2024\/04\/Le_Palepilpoil-1.jpg 335w, https:\/\/lepalaisdupalet.com\/wp-content\/uploads\/2024\/04\/Le_Palepilpoil-1-130x300.jpg 130w\" sizes=\"auto, (max-width: 335px) 100vw, 335px\" \/><\/figure>\n<\/div>\n\n\n<div style=\"height:24px\" aria-hidden=\"true\" class=\"wp-block-spacer\"><\/div>\n\n\n\n<h1 class=\"wp-block-heading has-text-align-center has-neve-text-color-color has-text-color\">Le Pal\u00e9pilpoil<\/h1>\n\n\n\n<p class=\"has-text-align-center has-neve-text-color-color has-text-color\">Le but du jeu est de faire glisser ses palets pour r\u00e9aliser le m\u00eame score que celui des 5 d\u00e9s &#8230;<\/p>\n\n\n\n<div class=\"wp-block-buttons is-content-justification-center is-layout-flex wp-container-core-buttons-is-layout-16018d1d wp-block-buttons-is-layout-flex\">\n<div class=\"wp-block-button is-style-primary\"><a class=\"wp-block-button__link wp-element-button\" href=\"http:\/\/lepalaisdupalet.com\/wp-content\/uploads\/2024\/05\/pale_6.pdf\" target=\"_blank\" rel=\"noreferrer noopener nofollow\">LA R\u00c8GLE DU JEU<\/a><\/div>\n<\/div>\n\n\n\n<div style=\"height:0px\" aria-hidden=\"true\" class=\"wp-block-spacer\"><\/div>\n\n\n\n<p class=\"has-text-align-center\" style=\"font-size:10px\">T\u00e9l\u00e9chargement du fichier PDF<\/p>\n<\/div>\n<\/div>\n\n\n\n<div style=\"height:40px\" aria-hidden=\"true\" class=\"wp-block-spacer\"><\/div>\n<\/div><\/div>\n<\/div><\/div>\n\n\n\n<div class=\"wp-block-cover alignfull is-light\" style=\"min-height:50px;aspect-ratio:unset;\"><span aria-hidden=\"true\" class=\"wp-block-cover__background has-nv-site-bg-background-color has-background-dim-100 has-background-dim\"><\/span><div class=\"wp-block-cover__inner-container is-layout-flow wp-block-cover-is-layout-flow\">\n<div class=\"wp-block-group\"><div class=\"wp-block-group__inner-container is-layout-flow wp-block-group-is-layout-flow\">\n<div class=\"wp-block-columns are-vertically-aligned-center is-layout-flex wp-container-core-columns-is-layout-9d6595d7 wp-block-columns-is-layout-flex\">\n<div class=\"wp-block-column is-vertically-aligned-center is-layout-flow wp-block-column-is-layout-flow\" style=\"flex-basis:50%\"><div class=\"wp-block-image\">\n<figure class=\"aligncenter size-full\"><img loading=\"lazy\" decoding=\"async\" width=\"335\" height=\"771\" src=\"http:\/\/lepalaisdupalet.com\/wp-content\/uploads\/2024\/04\/Le_Palefast.jpg\" alt=\"\" class=\"wp-image-348\" srcset=\"https:\/\/lepalaisdupalet.com\/wp-content\/uploads\/2024\/04\/Le_Palefast.jpg 335w, https:\/\/lepalaisdupalet.com\/wp-content\/uploads\/2024\/04\/Le_Palefast-130x300.jpg 130w\" sizes=\"auto, (max-width: 335px) 100vw, 335px\" \/><\/figure>\n<\/div>\n\n\n<div style=\"height:24px\" aria-hidden=\"true\" class=\"wp-block-spacer\"><\/div>\n\n\n\n<h1 class=\"wp-block-heading has-text-align-center has-neve-text-color-color has-text-color\">Le Pal\u00e9fast<\/h1>\n\n\n\n<p class=\"has-text-align-center has-neve-text-color-color has-text-color\">Le but du jeu est d\u2019aller&nbsp;plus vite&nbsp;que ses adversaires en faisant glisser les palets dans le couloir qui vous sera attribu\u00e9 &#8230;<\/p>\n\n\n\n<div class=\"wp-block-buttons is-content-justification-center is-layout-flex wp-container-core-buttons-is-layout-16018d1d wp-block-buttons-is-layout-flex\">\n<div class=\"wp-block-button is-style-primary\"><a class=\"wp-block-button__link wp-element-button\" href=\"http:\/\/lepalaisdupalet.com\/wp-content\/uploads\/2024\/05\/pale_7.pdf\" target=\"_blank\" rel=\"noreferrer noopener nofollow\">LA R\u00c8GLE DU JEU<\/a><\/div>\n<\/div>\n\n\n\n<div style=\"height:0px\" aria-hidden=\"true\" class=\"wp-block-spacer\"><\/div>\n\n\n\n<p class=\"has-text-align-center\" style=\"font-size:10px\">T\u00e9l\u00e9chargement du fichier PDF<\/p>\n<\/div>\n\n\n\n<div class=\"wp-block-column is-vertically-aligned-center is-layout-flow wp-block-column-is-layout-flow\" style=\"flex-basis:50%\"><div class=\"wp-block-image\">\n<figure class=\"aligncenter size-full\"><img loading=\"lazy\" decoding=\"async\" width=\"800\" height=\"416\" src=\"http:\/\/lepalaisdupalet.com\/wp-content\/uploads\/2024\/04\/Les_cases_si_no-1.jpg\" alt=\"\" class=\"wp-image-539\" srcset=\"https:\/\/lepalaisdupalet.com\/wp-content\/uploads\/2024\/04\/Les_cases_si_no-1.jpg 800w, https:\/\/lepalaisdupalet.com\/wp-content\/uploads\/2024\/04\/Les_cases_si_no-1-300x156.jpg 300w, https:\/\/lepalaisdupalet.com\/wp-content\/uploads\/2024\/04\/Les_cases_si_no-1-768x399.jpg 768w\" sizes=\"auto, (max-width: 800px) 100vw, 800px\" \/><\/figure>\n<\/div>\n\n\n<div style=\"height:24px\" aria-hidden=\"true\" class=\"wp-block-spacer\"><\/div>\n\n\n\n<h1 class=\"wp-block-heading has-text-align-center has-neve-text-color-color has-text-color\">Les cases si-no<\/h1>\n\n\n\n<p class=\"has-text-align-center has-neve-text-color-color has-text-color\">Le but de ce nouveau jeu de d\u00e9s est d&#8217;atteindre 7000 points PILEPOIL lors des 3 phases de la partie &#8230;<\/p>\n\n\n\n<div class=\"wp-block-buttons is-content-justification-center is-layout-flex wp-container-core-buttons-is-layout-16018d1d wp-block-buttons-is-layout-flex\">\n<div class=\"wp-block-button is-style-primary\"><a class=\"wp-block-button__link wp-element-button\" href=\"http:\/\/lepalaisdupalet.com\/wp-content\/uploads\/2024\/05\/cases.pdf\" target=\"_blank\" rel=\"noreferrer noopener nofollow\">LA R\u00c8GLE DU JEU<\/a><\/div>\n<\/div>\n\n\n\n<div style=\"height:0px\" aria-hidden=\"true\" class=\"wp-block-spacer\"><\/div>\n\n\n\n<p class=\"has-text-align-center\" style=\"font-size:10px\">T\u00e9l\u00e9chargement du fichier PDF<\/p>\n<\/div>\n<\/div>\n\n\n\n<div style=\"height:40px\" aria-hidden=\"true\" class=\"wp-block-spacer\"><\/div>\n<\/div><\/div>\n<\/div><\/div>\n\n\n\n<div style=\"height:0px\" aria-hidden=\"true\" class=\"wp-block-spacer\"><\/div>\n\n\n\n<div class=\"wp-block-cover alignfull is-light\" style=\"min-height:160px;aspect-ratio:unset;\"><span aria-hidden=\"true\" class=\"wp-block-cover__background has-nv-dark-bg-background-color has-background-dim-100 has-background-dim\"><\/span><div class=\"wp-block-cover__inner-container is-layout-flow wp-block-cover-is-layout-flow\">\n<div style=\"height:20px\" aria-hidden=\"true\" class=\"wp-block-spacer\"><\/div>\n\n\n\n<p class=\"has-text-align-center has-nv-text-dark-bg-color has-text-color\" style=\"font-size:18px\">\u201c Je suis un cr\u00e9ateur de jeux heu-reux \u201d<\/p>\n\n\n\n<p class=\"has-text-align-center has-nv-text-dark-bg-color has-text-color has-medium-font-size\"><strong>Marcel GAUTIER<\/strong>, <em>Mai 2024<\/em><\/p>\n\n\n\n<div style=\"height:0px\" aria-hidden=\"true\" class=\"wp-block-spacer\"><\/div>\n<\/div><\/div>\n\n\n\n<div style=\"height:20px\" aria-hidden=\"true\" class=\"wp-block-spacer\"><\/div>\n","protected":false},"excerpt":{"rendered":"","protected":false},"author":1,"featured_media":0,"parent":0,"menu_order":0,"comment_status":"closed","ping_status":"closed","template":"","meta":{"neve_meta_sidebar":"","neve_meta_container":"","neve_meta_enable_content_width":"on","neve_meta_content_width":100,"neve_meta_title_alignment":"","neve_meta_author_avatar":"","neve_post_elements_order":"","neve_meta_disable_header":"","neve_meta_disable_footer":"","neve_meta_disable_title":"on","footnotes":""},"class_list":["post-28","page","type-page","status-publish","hentry"],"_links":{"self":[{"href":"https:\/\/lepalaisdupalet.com\/index.php\/wp-json\/wp\/v2\/pages\/28","targetHints":{"allow":["GET"]}}],"collection":[{"href":"https:\/\/lepalaisdupalet.com\/index.php\/wp-json\/wp\/v2\/pages"}],"about":[{"href":"https:\/\/lepalaisdupalet.com\/index.php\/wp-json\/wp\/v2\/types\/page"}],"author":[{"embeddable":true,"href":"https:\/\/lepalaisdupalet.com\/index.php\/wp-json\/wp\/v2\/users\/1"}],"replies":[{"embeddable":true,"href":"https:\/\/lepalaisdupalet.com\/index.php\/wp-json\/wp\/v2\/comments?post=28"}],"version-history":[{"count":95,"href":"https:\/\/lepalaisdupalet.com\/index.php\/wp-json\/wp\/v2\/pages\/28\/revisions"}],"predecessor-version":[{"id":585,"href":"https:\/\/lepalaisdupalet.com\/index.php\/wp-json\/wp\/v2\/pages\/28\/revisions\/585"}],"wp:attachment":[{"href":"https:\/\/lepalaisdupalet.com\/index.php\/wp-json\/wp\/v2\/media?parent=28"}],"curies":[{"name":"wp","href":"https:\/\/api.w.org\/{rel}","templated":true}]}}